c. Suppose 3*t - 24 + 9 = 0, -3*r = 3*t - 27. Calculate the greatest common divisor of c and r.
4
Suppose k - 4 = 12. Suppose 0 = k*a - 11*a - 180. Calculate the highest common divisor of a and 9.
9
Let q = -77 + 115. Calculate the highest common factor of 19 and q.
19
Suppose 0 = -7*u + 10*u - 33. What is the greatest common factor of 187 and u?
11
Let t = -97 + 145. Let i(n) = 7*n - n**3 - 6*n**2 + 2 + n**3 + n**3. Let q be i(5). Calculate the highest common factor of q and t.
12
Let u be 801/27 - 2/(-6). Let x = 1 + 5. Calculate the highest common factor of x and u.
6
Suppose 20 = -5*d, 3*c + 4*d = 13 + 1. Suppose -c - 14 = -4*v. Let l be 19 - ((-4)/(-2) + -1). What is the greatest common factor of v and l?
6
Suppose -3*l = r + 1, 4*l = -3*r - 0 + 2. Suppose -5*m - 7 = -27. Suppose -2*u = -3*j + 62, -u + 4*u + 82 = m*j. What is the highest common divisor of r and j?
2
Suppose -3*w = -5*w - 4*u + 28, 4*w - 64 = -4*u. What is the highest common divisor of 6 and w?
6
Let p = 1 + 2. Suppose 0 = p*i - 2*i - 31. Let k = i - 19. What is the greatest common factor of 12 and k?
12
Let d = 2 + 0. Suppose 40 = -d*t - 3*t. Let f be 192/14 + t/(-28). Calculate the greatest common factor of 14 and f.
14
Let t(h) = -h**2 + 7*h - 6. Let k be t(5). Suppose -k*b + 18 + 2 = 0. Suppose 4*r - b*r + 13 = 0. What is the highest common divisor of r and 65?
13
Suppose 0 = -3*g + g + 260. Let f(w) = 14*w**2 + w - 2. Let l be f(1). What is the greatest common factor of l and g?
13
Suppose u + 3*w - 16 = 0, 0*u + 98 = 3*u - w. What is the highest common divisor of u and 31?
31
Let b be (1/4)/(14/168). Suppose 480 = k + b*k. What is the highest common divisor of k and 24?
24
Suppose 2*w - 5 = 83. Let m be (-27)/(-2) + (-30)/20. Suppose -4 = 2*c - m. Calculate the highest common factor of c and w.
4
Let x(f) = 17*f**2 + 1. Let z be x(-1). What is the greatest common factor of z and 36?
18
Suppose 4*n + 2 = -5*z - 0, 4*z + 18 = 5*n. Let r be (-3 - -1) + n + 2. Suppose 2*b = -r*b + 8. Calculate the highest common factor of 1 and b.
1
Suppose -6*o + 3*o = -336. Let h(u) = -u**3 - 2*u**2 + 5*u + 2. Let g be h(-4). Calculate the highest common divisor of g and o.
14
Let m be ((-66)/4)/((-5)/10). Calculate the greatest common divisor of 363 and m.
33
Suppose 0 = 2*k + 20 - 82. Calculate the greatest common factor of k and 155.
31
Suppose 5*l - 46 = -6. What is the greatest common divisor of 64 and l?
8
Let i = 0 - -15. Let a(k) = 3*k + 13 + k**2 - 10*k - 4. Let p be a(6). Calculate the highest common factor of p and i.
3
Let j be 6/(-15) + (-202)/(-5). Let r = 114 + -14. What is the greatest common factor of r and j?
20
Let w(z) = -z**3 + 7*z**2 + 8*z + 10. Let k be w(8). Suppose 9 = d - k. Calculate the greatest common divisor of d and 152.
19
Let x(y) = -y**3 - 2*y**2 + 7*y + 4. Let h be x(-5). Calculate the greatest common divisor of h and 11.
11
Let r = 6 - 13. Let o = -6 - 6. Let f = r - o. Calculate the highest common divisor of 10 and f.
5
Suppose 5*x - 3*k + 2*k = -355, -4*k - 20 = 0. Let g = x + 111. Calculate the greatest common divisor of 13 and g.
13
Let q be 11/(5 - 4) - -4. Calculate the greatest common divisor of q and 165.
15
Suppose -2*w + 2 = -5*k, -w + 3 = 2*w - 2*k. Let a = 3 - w. Suppose 0*g = 3*g - 15, -255 = -a*r - 3*g. What is the highest common divisor of 15 and r?
15
Suppose -3*k + 6 = -3. Calculate the highest common divisor of 21 and k.
3
Let x(v) = -7*v - 10. Suppose 5*q - 3*w + 43 = -2, 2*q - 3*w = -27. Let f be x(q). Let k be 70/9 - (-2)/9. Calculate the greatest common divisor of k and f.
8
Let v = -165 + 275. Calculate the greatest common factor of 22 and v.
22
Suppose 0 = -d + 1 + 7. Calculate the greatest common divisor of 32 and d.
8
Suppose -h + 2*h - 2*k = 13, 4*h + 2*k = 2. Suppose 0 = 4*j - h*j - 99. What is the greatest common factor of 9 and j?
9
Let q = -127 - -199. Calculate the greatest common divisor of 8 and q.
8
Let y(d) = -d**3 - 5*d**2 + d - 18. Let o be y(-6). Calculate the highest common divisor of o and 60.
12
Let z(r) = -r**3 + 4*r**2 + 3. Let y be z(-3). Let d = -44 + y. What is the highest common divisor of d and 154?
22
Let x = -9 - -30. What is the highest common divisor of x and 7?
7
Let n(u) = -u**3 + 8*u**2 + 3*u - 7. Suppose -4*a - 12 = -3*a. Let t be 4/(-24) + (-98)/a. Let w be n(t). Calculate the highest common factor of 34 and w.
17
Let h be 0/(-3)*3/(-3). Let r be -1 + h + (7 - -1). What is the greatest common factor of r and 14?
7
Let p = 41 + 43. Calculate the greatest common factor of 56 and p.
28
Let p(w) = -w**3 - 6*w**2 - 4*w + 4. Let h be p(-6). Calculate the greatest common factor of 7 and h.
7
Suppose 0 = -4*a - 653 - 207. Let j be a/(-20) - 2/(-8). Calculate the highest common factor of 121 and j.
11
Let l(q) be the second derivative of -q**4/12 - 2*q**3 + 3*q**2/2 + 5*q. Let b be l(-9). Calculate the greatest common factor of b and 10.
10
Let d = -16 + 20. Suppose 0 = -d*j + 77 + 83. Calculate the highest common factor of j and 10.
10
Let j = 8 - -57. What is the greatest common divisor of 13 and j?
13
Suppose 5*t + 5*d - 255 = 0, -4*d + 0*d + 96 = 2*t. What is the highest common divisor of t and 6?
6
Let d be (-2596)/(-12) - (-8)/12. What is the highest common factor of d and 31?
31
Let p(z) = z**2 - 8*z - 6. Let v be p(-3). Suppose 3*a - 4*a + 18 = 0. What is the greatest common factor of a and v?
9
Let v = 440 - 180. Calculate the greatest common divisor of v and 26.
26
Suppose 0 = a - 4, 4*u - a + 91 - 395 = 0. Calculate the greatest common factor of u and 7.
7
Suppose -5*x + 5*b - b = -27, 5*x - 6 = -3*b. Suppose 2*o - 36 = x*a + a, -81 = -2*o - 5*a. What is the highest common divisor of o and 14?
14
Suppose -4*h - 4*u + 0*u = -12, u = -5*h + 19. Let s = -3 + 5. Calculate the highest common factor of h and s.
2
Let b = -10 + 30. What is the greatest common divisor of 30 and b?
10
Let d be 0/(-1) + 336/3. Calculate the highest common divisor of 16 and d.
16
Let p(q) = -2 + 5 - q**2 - 3*q - 4*q. Let j be p(-7). Suppose j*t + 99 = 5*l + 4*t, 0 = 2*l + 4*t - 36. What is the greatest common factor of l and 5?
5
Let w(u) = u - 3. Let n be w(11). Calculate the highest common divisor of n and 2.
2
Suppose -z = -2*z + 16. Let g = 298 - 154. What is the greatest common factor of g and z?
16
Suppose 5*b = 7*b - 16. What is the greatest common divisor of 16 and b?
8
Let l = -49 - -58. What is the highest common factor of l and 18?
9
Suppose -202 - 337 = -7*g. What is the highest common divisor of 7 and g?
7
Let j = -17 + 23. Calculate the greatest common divisor of j and 6.
6
Suppose -t + 2 = -7. Suppose -6*n = -43 - 173. What is the highest common factor of n and t?
9
Let c(m) = 3*m + 54. Let u be c(-8). Calculate the highest common factor of 45 and u.
15
Let i = 11 + -5. Suppose -10 = -4*n + i, -t - 3 = -3*n. What is the greatest common divisor of t and 72?
9
Let m = 7 + -2. Let z(r) = -9*r - m*r + 2*r. Let t be z(-2). Calculate the highest common divisor of t and 12.
12
Let q = 8 + 0. What is the highest common divisor of 4 and q?
4
Let n be 8/(-28) + (-144)/(-14). Suppose -6 = -i - 4. Calculate the highest common divisor of i and n.
2
Suppose 6 = -j + 3*h, 4*j = 5*h - 1 - 2. Let f(s) = -s + j*s + 2 - 2 + 8. Let i be f(8). Calculate the highest common divisor of i and 12.
12
Let z(q) = q**2 + 6*q - 7. Let v be z(-7). Suppose -w - 5*b + 25 = -0*w, v = -5*b. Calculate the highest common divisor of w and 5.
5
Let b = -106 - -148. Calculate the highest common factor of b and 28.
14
Let w(c) = 0*c + c**3 - 3*c**2 - 2*c + 3 - c**2. Let z be w(4). Let a = z + 14. Calculate the highest common divisor of a and 18.
9
Suppose a = -2*l + 11, 12 = -4*a - 0. Calculate the greatest common divisor of l and 14.
7
Let b be ((-3)/2)/(6/(-8)). Let y be 2 - (b - -4*1). Let n be (-2 + 2/y)*-8. Calculate the greatest common divisor of n and 10.
10
Suppose -610 = d + 4*d. Let v = -45 - d. Calculate the greatest common factor of v and 11.
11
Suppose -39 = -3*t - 4*z + 32, 0 = 3*t + z - 65. Suppose -w + 11 = -t. Calculate the highest common factor of 4 and w.
4
Let v(x) = 2*x**3 - 2*x**2 + 2. Let d be (-6)/14 - (-68)/28. Let u be v(d). Calculate the greatest common factor of u and 40.
10
Suppose 12 = -4*k, -4*p + k + 663 = p